{"id":13905,"date":"2023-08-02T20:02:37","date_gmt":"2023-08-02T20:02:37","guid":{"rendered":"https:\/\/empiremerch.com\/shop\/?post_type=product&#038;p=13905"},"modified":"2023-08-02T20:12:03","modified_gmt":"2023-08-02T20:12:03","slug":"toxic-weekend-war","status":"publish","type":"product","link":"https:\/\/empiremerch.com\/shop\/product\/toxic-weekend-war\/","title":{"rendered":"Toxic weekend 2023 &#8211; War"},"content":{"rendered":"<div dir=\"ltr\">\n<div dir=\"ltr\">\n<div>Garment : Gildan Softstyle s-xxl<\/div>\n<div>Description:<\/div>\n<div>\n<ul>\n<li>153.0 G\/SqM (White 144.0 G\/SqM)<\/li>\n<li>100% Ring Spun Cotton<\/li>\n<li>In transition to 100% Combed Ring Spun Cotton<\/li>\n<li>Cotton\/polyester mix for several colors<\/li>\n<li>Eurofit &#8211; sleeker fit in shoulder and sleeve<\/li>\n<li>Semi-fitted<\/li>\n<li>High stitch density for smoother printing surface<\/li>\n<li>Taped neck and shoulders<\/li>\n<li>Tearaway label<\/li>\n<li>Rolled forward shoulder<\/li>\n<li>Twin needle sleeve and bottom hems<\/li>\n<li>Quarter-turned to eliminate center crease<\/li>\n<\/ul>\n<\/div>\n<\/div>\n<\/div>\n<p><!--more--><\/p>\n<p>Ruh\u00e1zat : Gildan Softstyle s-xxl<br \/>\nLe\u00edr\u00e1s:<\/p>\n<ul>\n<li>153.0 G\/SqM (Feh\u00e9r 144.0 G\/SqM)<\/li>\n<li>100% gy\u0171r\u0171sfonott pamut<\/li>\n<li>\u00c1tmenetileg 100% kombin\u00e1lt gy\u0171r\u0171sfonott pamut.<\/li>\n<li>Pamut\/poli\u00e9szter kever\u00e9k t\u00f6bb sz\u00ednben<\/li>\n<li>Eurofit &#8211; karcs\u00fabb szab\u00e1s a v\u00e1lln\u00e1l \u00e9s az ujjakn\u00e1l<\/li>\n<li>F\u00e9lig illeszked\u0151<\/li>\n<li>Nagy \u00f6lt\u00e9ss\u0171r\u0171s\u00e9g a sim\u00e1bb nyomtat\u00e1si fel\u00fclet\u00e9rt<\/li>\n<li>Szalagozott nyak \u00e9s v\u00e1llak<\/li>\n<li>Let\u00e9phet\u0151 c\u00edmke<\/li>\n<li>El\u0151retekert v\u00e1ll<\/li>\n<li>Ikert\u0171s ujj \u00e9s als\u00f3 szeg\u00e9ly<\/li>\n<li>Negyedr\u00e9szben elforgatott a k\u00f6z\u00e9ps\u0151 gy\u0171r\u0151d\u00e9s kik\u00fcsz\u00f6b\u00f6l\u00e9se \u00e9rdek\u00e9ben<\/li>\n<\/ul>\n","protected":false},"excerpt":{"rendered":"<p>Garment : Gildan Softstyle s-xxl Description: 153.0 G\/SqM (White 144.0 G\/SqM) 100% Ring Spun Cotton In transition to 100% Combed Ring Spun Cotton Cotton\/polyester mix for several colors Eurofit &#8211; sleeker fit in shoulder and sleeve Semi-fitted High stitch density for smoother printing surface Taped neck and shoulders Tearaway label Rolled forward shoulder Twin needle [&hellip;]<\/p>\n","protected":false},"featured_media":13908,"template":"","meta":[],"product_cat":[351],"product_tag":[],"_links":{"self":[{"href":"https:\/\/empiremerch.com\/shop\/wp-json\/wp\/v2\/product\/13905"}],"collection":[{"href":"https:\/\/empiremerch.com\/shop\/wp-json\/wp\/v2\/product"}],"about":[{"href":"https:\/\/empiremerch.com\/shop\/wp-json\/wp\/v2\/types\/product"}],"wp:featuredmedia":[{"embeddable":true,"href":"https:\/\/empiremerch.com\/shop\/wp-json\/wp\/v2\/media\/13908"}],"wp:attachment":[{"href":"https:\/\/empiremerch.com\/shop\/wp-json\/wp\/v2\/media?parent=13905"}],"wp:term":[{"taxonomy":"product_cat","embeddable":true,"href":"https:\/\/empiremerch.com\/shop\/wp-json\/wp\/v2\/product_cat?post=13905"},{"taxonomy":"product_tag","embeddable":true,"href":"https:\/\/empiremerch.com\/shop\/wp-json\/wp\/v2\/product_tag?post=13905"}],"curies":[{"name":"wp","href":"https:\/\/api.w.org\/{rel}","templated":true}]}}