{"id":5001,"date":"2021-09-06T08:44:52","date_gmt":"2021-09-06T08:44:52","guid":{"rendered":"https:\/\/empiremerch.com\/shop\/?post_type=product&#038;p=5001"},"modified":"2023-01-03T17:20:22","modified_gmt":"2023-01-03T17:20:22","slug":"bali-david-kisterem-ts","status":"publish","type":"product","link":"https:\/\/empiremerch.com\/shop\/product\/bali-david-kisterem-ts\/","title":{"rendered":"Bali D\u00e1vid &#8211; Kisterem TS"},"content":{"rendered":"","protected":false},"excerpt":{"rendered":"<p>&nbsp;<\/p>\n<p>Bali D\u00e1vid &#8211; Kisterem p\u00f3l\u00f3<br \/>\nGildan bord\u00f3 p\u00f3l\u00f3, egyoldalas nyomat<\/p>\n<p>A kem\u00e9nyzenei underground fennmarad\u00e1s\u00e1nak k\u00e9t alapszab\u00e1lya van: hogy mindig valamivel szemben hat\u00e1rozza meg mag\u00e1t, \u00e9s hogy mindig \u00f6nm\u0171k\u00f6d\u0151nek, \u00f6nfenntart\u00f3nak kell maradnia. A Kisterem, Bali D\u00e1vid els\u0151 k\u00f6nyve azt az id\u0151szakot \u00f6leli fel, amikor az internet maga al\u00e1 gy\u0171rte a lemezelad\u00e1sokat, \u00e9s a f\u00e1jlcser\u00e9l\u0151knek k\u00f6sz\u00f6nhet\u0151en \u00faj, online sz\u00ednt\u00e9rrel gazdagodhatott a rendszerv\u00e1lt\u00e1s ut\u00f3hat\u00e1saira leg\u00e9rz\u00e9kenyebb szubkult\u00fara.<\/p>\n<p>Gener\u00e1ci\u00f3v\u00e1lt\u00e1s, modellk\u00f6vet\u00e9sek \u00e9s a kiny\u00edl\u00f3 vil\u00e1g \u2013 ez a Kisterem, 100 magyar zenekar 100 lemez\u00e9vel 2000 \u00e9s 2019 k\u00f6z\u00f6tt.<\/p>\n","protected":false},"featured_media":4942,"template":"","meta":[],"product_cat":[135],"product_tag":[],"_links":{"self":[{"href":"https:\/\/empiremerch.com\/shop\/wp-json\/wp\/v2\/product\/5001"}],"collection":[{"href":"https:\/\/empiremerch.com\/shop\/wp-json\/wp\/v2\/product"}],"about":[{"href":"https:\/\/empiremerch.com\/shop\/wp-json\/wp\/v2\/types\/product"}],"wp:featuredmedia":[{"embeddable":true,"href":"https:\/\/empiremerch.com\/shop\/wp-json\/wp\/v2\/media\/4942"}],"wp:attachment":[{"href":"https:\/\/empiremerch.com\/shop\/wp-json\/wp\/v2\/media?parent=5001"}],"wp:term":[{"taxonomy":"product_cat","embeddable":true,"href":"https:\/\/empiremerch.com\/shop\/wp-json\/wp\/v2\/product_cat?post=5001"},{"taxonomy":"product_tag","embeddable":true,"href":"https:\/\/empiremerch.com\/shop\/wp-json\/wp\/v2\/product_tag?post=5001"}],"curies":[{"name":"wp","href":"https:\/\/api.w.org\/{rel}","templated":true}]}}