{"id":6449,"date":"2022-01-14T14:15:12","date_gmt":"2022-01-14T14:15:12","guid":{"rendered":"https:\/\/empiremerch.com\/shop\/?post_type=product&#038;p=6449"},"modified":"2023-01-02T14:11:32","modified_gmt":"2023-01-02T14:11:32","slug":"sagittarius-a-tshirt","status":"publish","type":"product","link":"https:\/\/empiremerch.com\/shop\/product\/sagittarius-a-tshirt\/","title":{"rendered":"Sagittarius A* tshirt"},"content":{"rendered":"<p>Gildan softstyle Black T-shirt, 100% cotton.<\/p>\n<p>Gildan softstyle Fekete p\u00f3l\u00f3, 100% pamut.<\/p>\n<p>&nbsp;<\/p>\n","protected":false},"excerpt":{"rendered":"<p><strong>K\u00e9rlek a feh\u00e9r p\u00f3l\u00f3 v\u00e1s\u00e1rl\u00e1sn\u00e1l vegy\u00e9tek figyelemben, hogy ez a term\u00e9k nincs rakt\u00e1ron.\u00cdgy a megrendel\u00e9s teljes\u00edt\u00e9se ak\u00e1r 7-15 napot is ig\u00e9nybe vehet.K\u00f6sz\u00f6nj\u00fck a t\u00fcrelmeteket!<br \/>\nWhen purchasing the white tshirt, please note that this product is out of stock. This may take up to 7-15 days to complete your order. Thank you for your patience!<\/strong><\/p>\n","protected":false},"featured_media":6455,"template":"","meta":[],"product_cat":[156,22],"product_tag":[],"_links":{"self":[{"href":"https:\/\/empiremerch.com\/shop\/wp-json\/wp\/v2\/product\/6449"}],"collection":[{"href":"https:\/\/empiremerch.com\/shop\/wp-json\/wp\/v2\/product"}],"about":[{"href":"https:\/\/empiremerch.com\/shop\/wp-json\/wp\/v2\/types\/product"}],"wp:featuredmedia":[{"embeddable":true,"href":"https:\/\/empiremerch.com\/shop\/wp-json\/wp\/v2\/media\/6455"}],"wp:attachment":[{"href":"https:\/\/empiremerch.com\/shop\/wp-json\/wp\/v2\/media?parent=6449"}],"wp:term":[{"taxonomy":"product_cat","embeddable":true,"href":"https:\/\/empiremerch.com\/shop\/wp-json\/wp\/v2\/product_cat?post=6449"},{"taxonomy":"product_tag","embeddable":true,"href":"https:\/\/empiremerch.com\/shop\/wp-json\/wp\/v2\/product_tag?post=6449"}],"curies":[{"name":"wp","href":"https:\/\/api.w.org\/{rel}","templated":true}]}}